rs of 1809.
3, 67
List the prime factors of 14770.
2, 5, 7, 211
What are the prime factors of 663?
3, 13, 17
What are the prime factors of 737?
11, 67
List the prime factors of 37638.
2, 3, 17, 41
List the prime factors of 15184.
2, 13, 73
List the prime factors of 68567.
68567
List the prime factors of 12329.
12329
List the prime factors of 2435.
5, 487
List the prime factors of 25452.
2, 3, 7, 101
What are the prime factors of 15452?
2, 3863
What are the prime factors of 3832?
2, 479
List the prime factors of 162.
2, 3
What are the prime factors of 9540?
2, 3, 5, 53
List the prime factors of 8579.
23, 373
What are the prime factors of 104146?
2, 7, 43, 173
List the prime factors of 11633.
11633
List the prime factors of 143176.
2, 11, 1627
What are the prime factors of 20209?
7, 2887
What are the prime factors of 29535?
3, 5, 11, 179
List the prime factors of 7829.
7829
What are the prime factors of 3051?
3, 113
List the prime factors of 11838.
2, 3, 1973
What are the prime factors of 35387?
11, 3217
List the prime factors of 99117.
3, 3671
What are the prime factors of 66169?
66169
List the prime factors of 3393.
3, 13, 29
What are the prime factors of 1436?
2, 359
List the prime factors of 18845.
5, 3769
List the prime factors of 69124.
2, 11, 1571
List the prime factors of 43382.
2, 109, 199
List the prime factors of 2238.
2, 3, 373
List the prime factors of 2430.
2, 3, 5
List the prime factors of 2729.
2729
List the prime factors of 2469.
3, 823
List the prime factors of 3790.
2, 5, 379
What are the prime factors of 10510?
2, 5, 1051
List the prime factors of 11177.
11177
List the prime factors of 13397.
13397
What are the prime factors of 6358?
2, 11, 17
List the prime factors of 599.
599
What are the prime factors of 2430?
2, 3, 5
What are the prime factors of 2071?
19, 109
List the prime factors of 14032.
2, 877
List the prime factors of 980.
2, 5, 7
List the prime factors of 6613.
17, 389
List the prime factors of 153789.
3, 51263
What are the prime factors of 16144?
2, 1009
List the prime factors of 16261.
7, 23, 101
What are the prime factors of 5649?
3, 7, 269
List the prime factors of 46522.
2, 7, 3323
List the prime factors of 1738.
2, 11, 79
What are the prime factors of 18165?
3, 5, 7, 173
List the prime factors of 69.
3, 23
What are the prime factors of 1087?
1087
List the prime factors of 90.
2, 3, 5
List the prime factors of 1132.
2, 283
What are the prime factors of 64644?
2, 3, 5387
What are the prime factors of 1300?
2, 5, 13
What are the prime factors of 6632?
2, 829
What are the prime factors of 10099?
10099
What are the prime factors of 1681?
41
List the prime factors of 36753.
3, 12251
What are the prime factors of 117025?
5, 31, 151
What are the prime factors of 986?
2, 17, 29
List the prime factors of 4788.
2, 3, 7, 19
List the prime factors of 13271.
23, 577
What are the prime factors of 13811?
7, 1973
What are the prime factors of 74586?
2, 3, 31, 401
List the prime factors of 21987.
3, 7, 349
List the prime factors of 5571.
3, 619
What are the prime factors of 27916?
2, 7, 997
List the prime factors of 88.
2, 11
List the prime factors of 1239.
3, 7, 59
What are the prime factors of 264?
2, 3, 11
List the prime factors of 4628.
2, 13, 89
What are the prime factors of 1628?
2, 11, 37
List the prime factors of 3736.
2, 467
What are the prime factors of 10978?
2, 11, 499
List the prime factors of 1068.
2, 3, 89
List the prime factors of 1916.
2, 479
What are the prime factors of 89349?
3, 13, 29, 79
List the prime factors of 1354.
2, 677
List the prime factors of 1427.
1427
List the prime factors of 3723.
3, 17, 73
What are the prime factors of 24351?
3, 8117
What are the prime factors of 972?
2, 3
What are the prime factors of 80636?
2, 19, 1061
List the prime factors of 759.
3, 11, 23
What are the prime factors of 10992?
2, 3, 229
What are the prime factors of 3666?
2, 3, 13, 47
What are the prime factors of 75640?
2, 5, 31, 61
What are the prime factors of 30209?
17, 1777
List the prime factors of 61448.
2, 7681
What are the prime factors of 42479?
107, 397
List the prime factors of 911.
911
What are the prime factors of 41896?
2, 5237
What are the prime factors of 972?
2, 3
What are the prime factors of 22081?
71, 311
List the prime factors of 532.
2, 7, 19
What are the prime factors of 69229?
107, 647
What are the prime factors of 10247?
10247
List the prime factors of 9241.
9241
What are the prime factors of 906?
2, 3, 151
List the prime factors of 1199.
11, 109
List the prime factors of 2177.
7, 311
List the prime factors of 19566.
2, 3, 1087
List the prime factors of 10297.
7, 1471
What are the prime factors of 16362?
2, 3, 101
List the prime factors of 785.
5, 157
What are the prime factors of 2921?
23, 127
What are the prime factors of 1319?
1319
List the prime factors of 207.
3, 23
List the prime factors of 70233.
3, 41, 571
What are the prime factors of 12299?
7, 251
List the prime factors of 1091.
1091
List the prime factors of 5765.
5, 1153
List the prime factors of 784.
2, 7
What are the prime factors of 4863?
3, 1621
List the prime factors of 559.
13, 43
What are the prime factors of 36648?
2, 3, 509
What are the prime factors of 197?
197
List the prime factors of 94475.
5, 3779
What are the prime factors of 45490?
2, 5, 4549
List the prime factors of 84612.
2, 3, 11, 641
List the prime factors of 15088.
2, 23, 41
What are the prime factors of 32027?
32027
What are the prime factors of 978?
2, 3, 163
What are the prime factors of 10776?
2, 3, 449
What are the prime factors of 1332?
2, 3, 37
What are the prime factors of 1750?
2, 5, 7
List the prime factors of 45011.
19, 23, 103
List the prime factors of 488.
2, 61
List the prime factors of 24226.
2, 12113
List the prime factors of 172.
2, 43
List the prime factors of 6490.
2, 5, 11, 59
List the prime factors of 134.
2, 67
What are the prime factors of 45510?
2, 3, 5, 37, 41
List the prime factors of 49788.
2, 3, 461
List the prime factors of 287.
7, 41
List the prime factors of 7955.
5, 37, 43
What are the prime factors of 1168?
2, 73
List the prime factors of 13282.
2, 29, 229
List the prime factors of 40420.
2, 5, 43, 47
List the prime factors of 2608.
2, 163
What are the prime factors of 674?
2, 337
List the prime factors of 16860.
2, 3, 5, 281
List the prime factors of 29.
29
List the prime factors of 937.
937
List the prime factors of 28003.
41, 683
What are the prime factors of 23093?
7, 3299
What are the prime factors of 1629?
3, 181
List the prime factors of 3.
3
List the prime factors of 2868.
2, 3, 239
List the prime factors of 2477.
2477
What are the prime factors of 6302?
2, 23, 137
What are the prime factors of 1837?
11, 167
List the prime factors of 1307.
1307
List the prime factors of 33295.
5, 6659
List the prime factors of 20614.
2, 11, 937
List the prime factors of 2107.
7, 43
List the prime factors of 26108.
2, 61, 107
List the prime factors of 238.
2, 7, 17
List the prime factors of 210.
2, 3, 5, 7
List the prime factors of 30115.
5, 19, 317
List the prime factors of 67428.
2, 3, 1873
List the prime factors of 919.
919
List the prime factors of 1185.
3, 5, 79
List the prime factors of 392.
2, 7
List the prime factors of 1145.
5, 229
What are the prime factors of 4531?
23, 197
List the prime factors of 156.
2, 3, 13
What are the prime factors of 3328?
2, 13
List the prime factors of 125024.
2, 3907
What are the prime factors of 7735?
5, 7, 13, 17
What are the prime factors of 5660?
2, 5, 283
List the prime factors of 3793.
3793
What are the prime factors of 2172?
2, 3, 181
List the prime factors of 4392.
2, 3, 61
What are the prime factors of 2360?
2, 5, 59
List the prime factors of 1786.
2, 19, 47
List the prime factors of 23067.
3, 11, 233
List the prime factors of 7269.
3, 2423
List the prime factors of 1229.
1229
List the prime factors of 464.
2, 29
List the prime factors of 2384.
2, 149
What are the prime factors of 125589?
3, 41863
List the prime factors of 6137.
17, 19
List the prime factors of 15827.
7, 17, 19
What are the prime factors of 83188?
2, 7, 2971
List the prime factors of 2510.
2, 5, 251
List the prime factors of 1224.
2, 3, 17
What are the prime factors of 379?
379
What are the prime factors of 518?
2, 7, 3